t i be o(10). List the prime factors of r(i).
13
Let g(z) = -z**2 + 6*z - 1. Let j(o) = -o**2 + 7*o - 2. Let l(k) = -5*g(k) + 4*j(k). List the prime factors of l(6).
3, 7
Suppose -3*r = -85 - 20. Suppose 3*h - 2*h - 7 = 0. List the prime factors of 10/r - (-89)/h.
13
Let d(c) = -c + 19. Let v be d(13). Let u = 33 + v. What are the prime factors of u?
3, 13
Suppose 0 = 2*o - 6 - 8. What are the prime factors of o?
7
Let s = -21 - -33. Suppose 3*i + 0*i = o + 9, -s = -4*i + 2*o. Suppose 5*u = 2*u - i*y + 39, -5*y = 3*u - 49. What are the prime factors of u?
2
Let s = 5 - 4. Suppose -3*m - s = -2*m. Let u = m + 3. What are the prime factors of u?
2
Let g(b) = b**3 - 9*b**2 + 6*b - 24. What are the prime factors of g(9)?
2, 3, 5
Let d(k) = 14*k - 19. What are the prime factors of d(4)?
37
Suppose 0 = -2*u - 188 + 806. List the prime factors of u.
3, 103
Let k(f) = -6*f + 1. Let s(z) = -z. Let b(c) = -k(c) - 4*s(c). List the prime factors of b(2).
19
Let x = -455 + 777. What are the prime factors of x?
2, 7, 23
Let h be -4*-5*3/6. Suppose -l + 5 - 4 = 2*g, 4*g = 2*l - h. Let k = l - -7. List the prime factors of k.
2, 5
Suppose 2*c = -5*m + 13, c + 39 = 5*c - 3*m. Suppose 0 = -z + 1 + c. What are the prime factors of z?
2, 5
Suppose -4*d + 21 + 8 = -3*h, 10 = 2*d. Let c = -54 - -38. Let i = h - c. What are the prime factors of i?
13
Let n be (-7)/(-2)*12/21. Suppose 19 = 5*z + n*i - 4, 0 = -2*z - i + 10. Suppose -2 = -h + z. What are the prime factors of h?
5
Let y = 224 + -125. Suppose y + 93 = 6*j. List the prime factors of j.
2
Let s = -1 + 3. Suppose s*u - 168 = -4*u. What are the prime factors of u?
2, 7
Let m(d) = d**3 + 12*d**2 + d + 17. Let v be m(-12). Suppose v*x = 2*x + 60. What are the prime factors of x?
2, 5
Let y = 160 - 105. What are the prime factors of y?
5, 11
Let s(l) = -17*l - 1. List the prime factors of s(-2).
3, 11
Let y(w) = w**3 - 4*w**2 - 5*w + 2. Let i be y(5). Suppose -i*j = -10, 5*j - 31 = b + b. Let d = 8 - b. What are the prime factors of d?
11
Let g(p) = 3*p**2 - 14*p + 10. List the prime factors of g(7).
59
List the prime factors of (-2)/5 - (-560)/25.
2, 11
What are the prime factors of (-4 + 3)/(3/(-561))?
11, 17
Suppose 4*g - 4*k + 2 + 2 = 0, -2 = -k. Suppose d - 11 = -g. What are the prime factors of 114/d - (-4)/(-10)?
11
Suppose 0 = 2*i - 3*m - 278, -3*i - 2*m + 189 = -215. What are the prime factors of i?
2, 17
Suppose -a - 2 = -0*a. List the prime factors of 0 + 3 + a - -5.
2, 3
Suppose -10 = -b + 7. Suppose -z - 6 = -b. List the prime factors of z.
11
Let z(u) = 2*u**2 - u + 1. Let t be z(1). Let g = t - -2. Suppose -128 = -g*y - 44. What are the prime factors of y?
3, 7
Let g be (-1)/(-4) + (-59)/(-4). Let n = 8 - 9. What are the prime factors of -15*9/g*n?
3
Suppose -13*w + 10*w = -321. List the prime factors of w.
107
Let r(y) = 4*y. Let b be r(1). Let g(k) = 4*k - 7. What are the prime factors of g(b)?
3
Let s = -12 + 24. Suppose 4*l + b - 19 = 2*b, -3*l + 4*b = -24. Let f = s - l. What are the prime factors of f?
2
Let v(j) = j**2 + 7*j - 4. Let x = -14 + 7. Let l be v(x). What are the prime factors of (-7 + 1)*(3 + l)?
2, 3
Let h = -111 - -183. List the prime factors of h.
2, 3
Let t(m) = m + 15. Let y be t(-13). Let n = 13 - y. What are the prime factors of n?
11
Let r = 19 - 20. What are the prime factors of 23 - (r - 2)*-1?
2, 5
Suppose 0 = -z - 3 + 6. Let x(j) = z*j - 4 - 3 + 0*j + 0. What are the prime factors of x(5)?
2
Suppose 0 = -q - 3*q + 52. Let g = q - 8. What are the prime factors of g?
5
Suppose 0 = -4*q - b + 79, 5*q - 4*b + 2*b = 115. What are the prime factors of q?
3, 7
Suppose 0 = -2*k - 2, o - 3*k - 113 - 78 = 0. List the prime factors of o.
2, 47
Let m = -29 + 36. Let c be (-1)/4 + 57/(-12). Let f = c + m. What are the prime factors of f?
2
Let j(s) = 3*s - 18. List the prime factors of j(22).
2, 3
Let r be (-1)/(-4) - 87/12. Let a = 17 + r. Let c = 0 + a. What are the prime factors of c?
2, 5
Suppose 2*b = -2*u + 2, -3*u = 4*b - 2*u - 7. Suppose -b*a - 3*a + 150 = 0. What are the prime factors of a?
2, 3, 5
Let k = -8 - -9. Suppose 0 = -r + k + 1. Suppose -13 - 1 = -r*w. What are the prime factors of w?
7
Let c = 19 + -36. Let y = c - -67. List the prime factors of y.
2, 5
Suppose 2*q - 3*h = -6*h + 22, -4*q - 2*h = -36. Suppose 104 = 3*t + q. What are the prime factors of t?
2
Let j(m) = m**2 + m + 1. Let c = 2 + 0. Suppose -3*n = -3*a - 6, 0 = -a + c*n + n. List the prime factors of j(a).
7
Let m(h) be the second derivative of h**5/20 + 7*h**4/12 + 2*h**3/3 + 7*h**2/2 - 3*h. What are the prime factors of m(-6)?
19
Let k(g) be the first derivative of 3*g**2/2 + g - 3. What are the prime factors of k(1)?
2
Suppose f + 0*f = 15. List the prime factors of f.
3, 5
Let r = -3 + 11. Let a be 35/3 - 3/(-9). Let o = a - r. What are the prime factors of o?
2
Suppose -32 = -2*z + 22. What are the prime factors of z?
3
Let b(d) = 3 - 5*d + 0*d - 6 + d**2. Let l be b(6). Suppose l*s - 8*s = -65. What are the prime factors of s?
13
Suppose 2*g = -18 + 164. List the prime factors of g.
73
Let m = -11 + 10. Let g(f) = -2*f**3 + f**2 - 1. Let v be g(m). List the prime factors of v/4 + (-105)/(-10).
11
List the prime factors of (-4)/6 + 568*(-2)/(-12).
2, 47
Let v = -135 - -224. List the prime factors of v.
89
Let j(h) = h**2 + 12*h - 1. Let z(d) = 1. Let r(t) = -j(t) + z(t). What are the prime factors of r(-9)?
29
Let g(c) = -c**2 - 3*c + 8. Suppose -2*d - 7 = 2*n + 7, 5*d - 5*n + 25 = 0. Let y be g(d). What are the prime factors of ((-2)/4)/(1/y)?
5
Suppose 4*g - 6 = 2. Suppose 2*k - g = 4. Suppose -75 = -k*f - 2*f. List the prime factors of f.
3, 5
Let j = -1 + 11. What are the prime factors of j?
2, 5
Suppose 3*f = 4*f - 16. Let b be f/2*(-2)/(-4). Suppose -l = l - b. What are the prime factors of l?
2
Let t(i) = -i + 7. Let a be t(0). Suppose 4*c = -6 - 14. Let v = c + a. List the prime factors of v.
2
Let h(p) = 2*p. Let q be -6*-1*(-3)/(-9). Let k be h(q). What are the prime factors of (-52)/(-12) + k/6?
5
Suppose 82 = 2*f - 4*f. Let d = f + 59. What are the prime factors of d?
2, 3
Let l be (-6)/4*-2 + 2. Suppose -l*k + 120 = -0*k. What are the prime factors of k?
2, 3
Let y be ((-1)/3)/((-1)/15). Suppose -152 = -5*a - i, 0*a + 2*a - 47 = -y*i. List the prime factors of a.
31
Suppose -3*t + 20 = 2*t. Suppose -2*p + t*p = 0. Suppose p = 4*o - o - 24. What are the prime factors of o?
2
Let s be (-85)/20 + 1/4. List the prime factors of ((-30)/5)/(2/s).
2, 3
Let n = 8 - -2. Suppose -2*c - 3*c - 10 = x, 3*x - 5*c - n = 0. Suppose -3*t + x = -21. What are the prime factors of t?
7
What are the prime factors of (-8)/(-84)*-9*-168?
2, 3
Suppose -600 = -4*d - 2*n, -5*d - 5*n + 748 = -3*n. What are the prime factors of d?
2, 37
Let x = 175 - 70. What are the prime factors of x?
3, 5, 7
Let v = 16 + -15. Suppose -k + v + 3 = 0. What are the prime factors of k?
2
Let o be 1/1 - (-2)/(-2). Suppose o*p = 2*p - 4. What are the prime factors of p?
2
Let o = 0 + 0. Suppose -3*l - l + 32 = o. List the prime factors of l.
2
Let i = -37 + 47. What are the prime factors of i?
2, 5
Let a = -19 - -38. List the prime factors of a.
19
Let h = -4 - -6. Suppose -3*f - 15 = -3*l, -f = h*l - 6*l + 23. Let p = l - 2. List the prime factors of p.
2
Suppose -3*p + 3*v = -99, -p - 3*v + 21 = -8*v. Suppose 8*t - 4*t - p = 0. What are the prime factors of t?
3
Suppose -302*r = -307*r + 955. What are the prime factors of r?
191
Let u(m) be the second derivative of m**4/3 + m**3/3 - m**2/2 - 2*m. Let c be u(1). Suppose 7 = -c*x + 22. List the prime factors of x.
3
Suppose 3*m + 8 = 26. Let v(o) = 3*o. What are the prime factors of v(m)?
2, 3
Let k be 11/(2/(2/1)). Suppose 4*z - k - 5 = 0. List the prime factors of 2/z*(29 - 7).
11
Suppose -2 = -5*i + 23. Suppose -v = -2*d + 4, -7 + 26 = 3*d + i*v. List the prime factors of 1 + 12/d + 1.
2, 3
Suppose 3*v = 2*c - 6, 2*c - v = -3 + 9. Suppose -q = k + 5, -c*q + 0*q - 5*k = 13. List the prime factors of ((-4)/q)/(2/36).
2, 3
Let r(g) = -2*g**2 + 10*g - 2*g**2 + 3 + 3*g**2. Suppose 2*z - 2*a - 10 = 0, z + a + 0*a - 15 = 0. List the prime factors of r(z).
3
List the prime factors of (7/(-7))/(2/(-50)).
5
Suppose z + z + 20 = 4*j, -5*z - 5*j = -10. Let x(l) = -l - 1. Let o 